lculate the greatest common divisor of 124 and 1144604.
4
Calculate the highest common factor of 38 and 49938802.
38
Calculate the highest common divisor of 31407334 and 392.
98
Calculate the highest common factor of 1949360 and 973.
7
Calculate the highest common factor of 63902864 and 1966.
1966
What is the greatest common divisor of 73856718 and 108?
54
Calculate the highest common factor of 125 and 4151625.
125
Calculate the highest common divisor of 34 and 18338359.
17
Calculate the highest common factor of 347522 and 9302342.
1442
Calculate the highest common factor of 19783 and 1157983.
271
Calculate the highest common factor of 5995 and 633345.
5
Calculate the greatest common factor of 226280 and 1785.
5
What is the greatest common factor of 370308 and 984?
12
Calculate the greatest common divisor of 31293550 and 100.
50
What is the greatest common divisor of 64 and 31904848?
16
What is the highest common divisor of 614962 and 6?
2
Calculate the highest common divisor of 499987 and 425.
17
Calculate the greatest common factor of 135554444 and 71858.
3782
Calculate the greatest common factor of 263769 and 47399.
11
What is the greatest common factor of 8475 and 366508155?
1695
Calculate the greatest common factor of 529311 and 692432.
3329
Calculate the greatest common factor of 7648030 and 65.
65
What is the highest common factor of 180 and 40795830?
90
What is the highest common factor of 931144 and 42856?
3896
What is the highest common divisor of 7098 and 634361?
91
Calculate the greatest common divisor of 6289491 and 39.
39
Calculate the highest common factor of 1715791 and 3157.
77
Calculate the greatest common divisor of 136048656 and 144.
48
What is the highest common factor of 126579401 and 126248?
15781
Calculate the greatest common factor of 8504248 and 3496.
152
What is the greatest common factor of 18 and 189723996?
18
Calculate the highest common divisor of 1278084 and 7446.
438
What is the highest common factor of 4264 and 818893?
41
What is the greatest common factor of 1806061 and 1?
1
Calculate the highest common divisor of 580880 and 1456310.
1370
What is the highest common factor of 20343432 and 92944?
1256
What is the highest common divisor of 23238 and 150?
6
Calculate the highest common divisor of 2538 and 63147132.
846
What is the highest common divisor of 136572 and 16872?
228
Calculate the greatest common divisor of 113085528 and 60.
12
Calculate the greatest common divisor of 1469997 and 895419.
2097
What is the highest common factor of 33377872 and 995?
199
Calculate the highest common divisor of 22065084 and 1146.
1146
What is the highest common factor of 45947495 and 111870?
6215
What is the highest common divisor of 64233152 and 290968?
7864
Calculate the highest common divisor of 64 and 674918688.
32
What is the greatest common divisor of 665 and 53883221?
133
What is the highest common factor of 235410 and 12768?
798
Calculate the greatest common divisor of 92834010 and 360.
90
What is the highest common factor of 1258 and 90553900?
34
Calculate the highest common divisor of 170717234 and 2.
2
Calculate the highest common divisor of 8157232 and 5624.
152
Calculate the greatest common factor of 80347515 and 90.
15
Calculate the greatest common divisor of 1360194 and 253302.
222
What is the highest common divisor of 495 and 9409050?
45
Calculate the greatest common factor of 30 and 1681577790.
30
Calculate the highest common divisor of 49043 and 31.
1
What is the highest common factor of 2002 and 62794424?
154
What is the highest common divisor of 588234336 and 701?
701
Calculate the greatest common factor of 981724 and 124.
4
Calculate the highest common divisor of 21666 and 326.
2
What is the highest common divisor of 7820 and 158309644?
1564
Calculate the highest common divisor of 4872172339 and 311.
311
Calculate the greatest common divisor of 31344653 and 10435.
2087
What is the highest common factor of 12530 and 945?
35
What is the greatest common divisor of 41192925 and 61533?
6837
Calculate the greatest common factor of 68548857 and 117.
39
What is the greatest common divisor of 333543765 and 1425?
285
Calculate the highest common factor of 12852 and 597056796.
4284
What is the greatest common factor of 338 and 10286?
2
What is the highest common factor of 3 and 3720657?
3
Calculate the highest common divisor of 75 and 160477525.
25
Calculate the highest common divisor of 4250 and 31182760.
170
Calculate the highest common factor of 49968 and 26352.
144
What is the greatest common factor of 623406294 and 486?
486
What is the highest common divisor of 3042 and 94021122?
1014
What is the greatest common divisor of 180 and 14935845?
15
What is the greatest common factor of 9590 and 1144361?
137
What is the greatest common divisor of 2725980 and 960?
60
What is the greatest common divisor of 1426 and 2716323?
23
Calculate the greatest common factor of 47785 and 5963065.
2515
What is the greatest common divisor of 8569 and 100168?
19
Calculate the highest common divisor of 949624 and 78.
26
Calculate the highest common divisor of 38993095 and 15.
5
What is the highest common divisor of 1415 and 8990061?
283
What is the highest common factor of 33736570 and 10150?
2030
Calculate the highest common factor of 211338 and 995796.
3582
What is the greatest common divisor of 33649 and 434932553?
4807
What is the greatest common divisor of 134765457 and 3?
3
Calculate the greatest common divisor of 698301 and 1369.
37
What is the greatest common factor of 396 and 2564001?
99
What is the highest common factor of 3912799 and 227?
227
What is the highest common divisor of 5107436 and 2542?
62
What is the greatest common factor of 85721544 and 16686?
5562
What is the highest common divisor of 16978 and 172484?
26
Calculate the highest common divisor of 4304 and 86348731.
269
Calculate the highest common factor of 219993345 and 99.
99
Calculate the greatest common divisor of 1885606 and 33728.
1054
What is the greatest common divisor of 473 and 106227?
11
What is the highest common factor of 336889 and 97223?
2261
What is the highest common factor of 96 and 520802432?
32
What is the greatest common divisor of 4206 and 6186?
6
Calculate the greatest common factor of 180244 and 5230.
2
What is the greatest common factor of 49959 and 266427?
63
What is the highest common divisor of 1464 and 38245658?
122
What is the greatest common divisor of 1817072 and 2132?
4
What is the greatest common factor of 80047 and 53237?
383
What is the highest common divisor of 1082470 and 9970?
10
Calculate the greatest common divisor of 64986365 and 12105.
1345
Calculate the greatest common divisor of 17602 and 8164.
26
What is the greatest common factor of 11128 and 158194792?
856
What is the highest common factor of 11264 and 3156120?
88
What is the greatest common divisor of 165723 and 27750?
111
What is the greatest common factor of 38619478 and 493?
17
Calculate the greatest common factor of 423744462 and 232.
58
What is the greatest common divisor of 7377550 and 50?
50
What is the highest common factor of 1354478917 and 4169?
4169
What is the greatest common divisor of 241560 and 16632?
792
What is the highest common divisor of 1149 and 3494875?
383
Calculate the greatest common factor of 13500 and 3110.
10
Calculate the highest common divisor of 224 and 3868466.
14
Calculate the greatest common divisor of 126356343 and 147079.
7741
What is the greatest common divisor of 2398309 and 753073?
1987
Calculate the greatest common divisor of 741 and 1559577.
57
Calculate the highest common divisor of 2464 and 11231136.
224
Calculate the greatest common factor of 46 and 1051123.
23
Calculate the highest common factor of 135831 and 91257.
57
Calculate the highest common divisor of 413 and 1264134.
59
Calculate the greatest common factor of 217 and 2844453143.
217
Calculate the greatest common divisor of 1343 and 10498231.
1343
Calculate the greatest common factor of 9480 and 645960.
120
Calculate the highest common divisor of 653880 and 960.
120
Calculate the highest common divisor of 1274 and 156286.
26
Calculate the greatest common divisor of 2 and 33312958.
2
Calculate the greatest common factor of 119 and 585157.
17
Calculate the 